{"id":71,"date":"2022-01-03T18:51:35","date_gmt":"2022-01-03T17:51:35","guid":{"rendered":"https:\/\/annaskobiej.pl\/?page_id=71"},"modified":"2025-09-29T13:03:33","modified_gmt":"2025-09-29T11:03:33","slug":"umow-wizyte","status":"publish","type":"page","link":"https:\/\/annaskobiej.pl\/index.php\/umow-wizyte\/","title":{"rendered":"Um\u00f3w wizyt\u0119"},"content":{"rendered":"\n<p><\/p>\n\n\n\n<pre class=\"wp-block-verse has-text-align-left has-background\" style=\"background-color:#f7d0da\"><em>Za us\u0142ugi Pomoc Psychologiczna Anna Skobiej p\u0142atno\u015bci mog\u0105 zosta\u0107 dokonane za pomoc\u0105 Przelewy24, PayPal , BLIK przelewy  na telefon +48 690 925 069  lub tradycyjnym przelewem.  <br><strong>Nie ma mo\u017cliwo\u015bci zap\u0142aty  got\u00f3wk\u0105 lub kart\u0105 p\u0142atnicz\u0105. <br><\/strong><br><strong>W poniedzia\u0142ki, wtorki, czwartki i pi\u0105tki<\/strong> sesje odbywaj\u0105 si\u0119 online. <\/em><br><br><strong>W \u015brody sesje odbywaj\u0105 si\u0119 w gabinecie.<\/strong><em><br><br>Gabinet mie\u015bci si\u0119 przy ul. Mokotowskiej nr 12, lokal 11 B, domofon 112, 6 pi\u0119tro, Plac Zbawiciela, Warszawa \u015ar\u00f3dmie\u015bcie. <\/em><\/pre>\n\n\n\n<pre class=\"wp-block-verse has-blush-light-purple-gradient-background has-background\">Dane do przelewu :<br>Anna Skobiej-Staszewska<br>Rachunek: ALIOR BANK 50 2490 0005 0000 4000 1224 7137<br><br>Dane do przelewu zagranicznego : <br>Anna Skobiej-Staszewska<br>Rachunek: ALIOR BANK IBAN PL 50 2490 0005 0000 4000 1224 7137<br>Kod SWIFT Alior Banku: ALBPPLPW<br><br><\/pre>\n\n\n\n<iframe src=\"https:\/\/widget.zarezerwuj.pl\/72fd61fc-549a-4d75-b91b-02210dd42df3\" seamless=\"\" style=\"border: none; min-height: 650px; width: 100%; height: 100%;\"><\/iframe>\n\n\n\n<p><\/p>\n","protected":false},"excerpt":{"rendered":"<p>Za us\u0142ugi Pomoc Psychologiczna Anna Skobiej p\u0142atno\u015bci mog\u0105 zosta\u0107 dokonane za pomoc\u0105 Przelewy24, PayPal , BLIK przelewy na telefon +48 690 925 069 lub tradycyjnym przelewem. Nie ma mo\u017cliwo\u015bci zap\u0142aty got\u00f3wk\u0105 lub kart\u0105 p\u0142atnicz\u0105. W poniedzia\u0142ki, wtorki, czwartki i pi\u0105tki sesje odbywaj\u0105 si\u0119 online. W \u015brody sesje odbywaj\u0105 si\u0119 w gabinecie.Gabinet mie\u015bci si\u0119 przy ul. &hellip; <\/p>\n<p class=\"link-more\"><a href=\"https:\/\/annaskobiej.pl\/index.php\/umow-wizyte\/\" class=\"more-link\">Czytaj dalej<span class=\"screen-reader-text\"> Um\u00f3w wizyt\u0119<\/span><\/a><\/p>\n","protected":false},"author":1,"featured_media":0,"parent":0,"menu_order":0,"comment_status":"closed","ping_status":"closed","template":"","meta":{"footnotes":""},"class_list":["post-71","page","type-page","status-publish","hentry"],"_links":{"self":[{"href":"https:\/\/annaskobiej.pl\/index.php\/wp-json\/wp\/v2\/pages\/71","targetHints":{"allow":["GET"]}}],"collection":[{"href":"https:\/\/annaskobiej.pl\/index.php\/wp-json\/wp\/v2\/pages"}],"about":[{"href":"https:\/\/annaskobiej.pl\/index.php\/wp-json\/wp\/v2\/types\/page"}],"author":[{"embeddable":true,"href":"https:\/\/annaskobiej.pl\/index.php\/wp-json\/wp\/v2\/users\/1"}],"replies":[{"embeddable":true,"href":"https:\/\/annaskobiej.pl\/index.php\/wp-json\/wp\/v2\/comments?post=71"}],"version-history":[{"count":27,"href":"https:\/\/annaskobiej.pl\/index.php\/wp-json\/wp\/v2\/pages\/71\/revisions"}],"predecessor-version":[{"id":497,"href":"https:\/\/annaskobiej.pl\/index.php\/wp-json\/wp\/v2\/pages\/71\/revisions\/497"}],"wp:attachment":[{"href":"https:\/\/annaskobiej.pl\/index.php\/wp-json\/wp\/v2\/media?parent=71"}],"curies":[{"name":"wp","href":"https:\/\/api.w.org\/{rel}","templated":true}]}}